Let f = -8 + 12. Let d be (-2)/((-1)/f + m). Calculate the highest common factor of 8 and d.
8
Let f be (-1 + (-133)/(-28))*24/10. Let m = 12 + 15. What is the highest common divisor of f and m?
9
Suppose -v = 2*x - 3*x, 5*x - 20 = 0. Let m(c) = 3*c - 6. Let u be m(v). Calculate the highest common divisor of u and 9.
3
Suppose 3*y = 4*z - 47, -2*y - 35 = -15*z + 12*z. Calculate the greatest common factor of z and 3.
1
Let z = 22 + 13. Let l be (32/(-12))/(4/(-6)). Suppose 0 = l*t - 2*t - 14. What is the greatest common factor of t and z?
7
Let y = -286 - -336. Calculate the greatest common divisor of y and 2.
2
Let f = 847 + -836. What is the highest common divisor of 33 and f?
11
Let g be (-12)/((-20)/(-6) + -4). Let t be g/(-4)*210/(-9). What is the highest common factor of 21 and t?
21
Let d(g) = -g**3 + 3*g + 4*g + 6*g + 4 - 12*g**2. Let c be d(-13). Suppose 1 - c = -y. What is the greatest common divisor of 9 and y?
3
Let v(k) = 18*k**3 - 4*k**2 + 4*k - 4. Let o be v(2). Calculate the highest common factor of 33 and o.
33
Suppose 0 = -h + z + 204, 4*h - 35*z = -33*z + 818. Calculate the greatest common divisor of h and 41.
41
Let r(q) = q**3 - 38*q**2 + 36*q + 112. Let z be r(37). What is the highest common divisor of z and 25?
25
Let b be (-4)/14 + (396/7)/9. Let i be (-1)/(50/(-24) - -2). What is the greatest common factor of i and b?
6
Suppose 6 + 0 = 3*i. Let t be 4/(i + (-15)/9). What is the highest common factor of t and 3?
3
Let a(h) = 2*h**3 + 4*h - 5. Let s be a(3). Suppose 27 = 3*p + 3*x, 4*p - 3*x - s = -p. Let j = 37 - p. Calculate the greatest common factor of j and 13.
13
Suppose -79*t + 102 = 4*k - 81*t, -130 = -5*k + 2*t. Let o(v) = 35*v. Let m be o(4). Calculate the highest common factor of m and k.
28
Let q(u) = u**3 + 5 - 3 + 7*u - 6*u**2 - 1. Let f be q(5). Let b be (2 - 8)/(-2)*f. Calculate the highest common factor of 3 and b.
3
Let u = 983 - 758. What is the highest common factor of u and 90?
45
Let a = 18 + 31. Let b = 172 - 126. Suppose -3*s = -a + b. Calculate the highest common factor of 5 and s.
1
Let v(q) = 19*q + 7. Let s be v(1). What is the highest common factor of s and 182?
26
Suppose -4*v + 5*n + 69 = 0, -3*n - 28 - 39 = -4*v. Calculate the greatest common factor of v and 40.
8
Suppose -66*a + 1807 = -239. Suppose 85 = 3*c - x - 3*x, 0 = -4*c - x + 126. What is the greatest common divisor of a and c?
31
Suppose -3*v + 62 + 120 = 4*b, 4*v = -3*b + 238. What is the highest common factor of v and 87?
29
Suppose 0 = 2*a - 0*a. Let b(h) = 6 + 8 + 0*h + a*h - h. Let q be b(6). Calculate the highest common divisor of 40 and q.
8
Suppose 62 = 5*a + 7. Let r(l) = l - 1. Let u be r(10). Let z(g) = 8*g + 16. Let y be z(u). What is the greatest common factor of y and a?
11
Let o = 1221 - 1213. Calculate the greatest common divisor of o and 22.
2
Let k be 10/(-8)*27/((-2970)/484)*2. Let a = 5 - -2. Suppose -5*g - c = -389, -5*c + 13 = -a. Calculate the highest common factor of g and k.
11
Let o be 19 + 39 - (8 - 2). Calculate the highest common factor of 39 and o.
13
Suppose -q - 16 = -5*q. Suppose -5 = 4*t + q*o + 7, 0 = -5*t + 2*o + 20. Suppose 1 - t = -b. Calculate the greatest common divisor of 5 and b.
1
Let u(p) = -2*p**2 + 8*p - 10. Let v be u(4). Let f = -21 - v. Let d = -2 - f. What is the highest common factor of d and 1?
1
Suppose 4*x = x - 2*q + 35, 4*q = 16. Calculate the greatest common divisor of 3 and x.
3
Let c = -60 + 58. Let k be (-3)/(274/(-140)*-1 + c). Let i be 3/(3/(-84)*-6). Calculate the highest common divisor of i and k.
14
Suppose k + 6 = 15. Let w be ((-57)/k)/(1/15). Let o = w - -165. Calculate the greatest common factor of o and 28.
14
Suppose -136 = -2*j + 2*a, 3*j + 10*a = 6*a + 211. Calculate the greatest common factor of 184 and j.
23
Suppose -2*k - 4*h + 2 = 0, -2*h + 12 = -3*k - 3*h. Let o be 94/10 - (-2)/k. What is the greatest common factor of 9 and o?
9
Suppose 4*c = 4*b + 3 - 7, -4 = -5*c - 4*b. Let l be c - -46*(3 + 0). Let a be l + 2 + -2 + -3. Calculate the highest common factor of 15 and a.
15
Let x = 16 - 4. Suppose 0 = -4*o, r - 3*o + 10 = -0*r. Let k be r/(-1)*x/8. What is the highest common factor of k and 30?
15
Suppose 3*i = 497 + 343. Let a = i + -150. Let r be (4/(-3))/((-6)/234). Calculate the greatest common divisor of r and a.
26
Let n be (-14 - -4) + 0 - 1. Let r = -11 + n. Let u = r - -42. What is the highest common factor of 5 and u?
5
Suppose -4*o - 3*d = -13, -1 = -4*o - 14*d + 15*d. What is the greatest common factor of 61 and o?
1
Let v be (36/(-15))/(4/(-330)). Let x(o) = -335*o - 1322. Let r be x(-4). Calculate the greatest common divisor of r and v.
18
Let g(o) = o**2 - o + 12. Let l be g(-8). Suppose -41 = -5*w + l. What is the greatest common factor of w and 275?
25
Suppose -k = -6*k - 3*x + 44, -5*k = 2*x - 46. What is the greatest common factor of k and 40?
10
Let z = -7 + 7. Suppose z*i - 2*i = -30. Suppose -169 = -y - i. What is the greatest common factor of y and 14?
14
Let m(c) = -7. Let v(o) = o - 7. Let s(g) = 5*m(g) - 4*v(g). Let w be s(-5). Suppose 214*f - 224*f + 910 = 0. Calculate the greatest common factor of w and f.
13
Let m = -262 + 423. Let z = -2 - -6. Suppose 0*h = z*h - 92. Calculate the highest common divisor of h and m.
23
Let v(a) = a**2 - 14*a + 44. Let g be v(11). Calculate the greatest common factor of g and 231.
11
Suppose 0 = -y + n + 2, 0 = -n + 3*n - 2. Let g = 163 - 139. What is the greatest common divisor of y and g?
3
Let o(d) = d**2 + 2*d - 4. Let h be o(6). Suppose 38 - 2 = -3*n. Let y be -4*(-2 + n/16). Calculate the greatest common factor of y and h.
11
Let j be 3*(-17 + -4)*-1. Let h = -61 + j. What is the highest common factor of 6 and h?
2
Suppose 5*f - 16*f + 561 = 0. What is the greatest common factor of f and 51?
51
Suppose -402 = -2*w + 2*i + 3*i, -3*w - 3*i + 582 = 0. Calculate the highest common factor of 12 and w.
4
Let m(d) = -3*d + 22. Let n be 4/2 - (1 + -3 - -2). Let b be m(n). What is the highest common divisor of b and 64?
16
Let m = 494 - -364. Calculate the highest common divisor of m and 26.
26
Let q be (-3)/(-4)*-11*16/(-6). What is the greatest common divisor of q and 814?
22
Let p(h) = -24*h - 20. Let x be p(-7). Let i = x + -64. What is the highest common divisor of 42 and i?
42
Let q = -109 + 219. Suppose 0 = 99*v + 60*v - 97*v - 620. What is the highest common divisor of q and v?
10
Suppose 12 = -4*f + 8*f. Let v(x) = -2*x**3 + 0*x**2 - 2*x**2 + 3*x**f - 12 + 16 - 4*x. Let k be v(4). What is the highest common factor of k and 8?
4
Let a be (4/(-3))/(12/90). Let x be 78/30 - 4/a. Suppose x*b + b = -3*j + 28, -2*b + 2*j = -28. What is the greatest common factor of 10 and b?
10
Suppose -2*g = 3*s + 1 - 7, -3*s + 2*g = -6. Let x be 398/4 + 1/s. Let w = -6096 - -6121. What is the greatest common factor of w and x?
25
Let q = -406 - -591. What is the greatest common divisor of 111 and q?
37
Let h = -106 - -156. Suppose -4*a + 5*p + h = 0, -a + 5*p = -15 - 5. Calculate the greatest common divisor of 15 and a.
5
Suppose -3*w + 2*w + 3*h = -3, -5*w + 5*h = -35. Suppose -2*b + 2*s = -22, -b - 2*s + s = -w. Calculate the greatest common factor of b and 90.
10
Let g = 22 + -98. Let v = g - -92. What is the greatest common factor of 2 and v?
2
Suppose 50*b = 133 + 267. Let v be 7 - (-1 - 0/(-2)). Calculate the greatest common factor of v and b.
8
Suppose 0 = -2*a - q + 441, -2*q + 3*q + 879 = 4*a. Calculate the greatest common factor of a and 80.
20
Let r = 1410 - 1390. Calculate the greatest common divisor of r and 50.
10
Let g be -1*(-2 + (0 - 1)). Suppose -n = -g + 5. Let r be (72/(-40))/(n/20). Calculate the greatest common divisor of 27 and r.
9
Let k = 24 - 21. Suppose -n = -3*d + 243, 0*d = k*d + 3*n - 231. Calculate the highest common divisor of d and 20.
20
Suppose 0 = 4*w - 2*h - 54, 2*h = 3 - 1. Let c(s) = -s**2 + 17*s - 12. Let y be c(w). What is the highest common divisor of 45 and y?
15
Let h be 2/(-3*4/(-24)). Suppose -o + 43 = 3*u + h*o, 3*o - 6 = 0. Let m be (-3)/(-9) - 4/(-6). Calculate the greatest common divisor of u and m.
1
Suppose -4*z + 14 = -42. Let q(c) = -c**2 - 24*c - 30. Let j be q(-8). What is the greatest common divisor of z and j?
14
Let x be (-6)/(-30) + 52/(-10). L